 greatest common divisor of 32362 and 22?
22
What is the greatest common factor of 24 and 152?
8
What is the greatest common factor of 9 and 543?
3
Calculate the highest common factor of 4 and 108.
4
Calculate the greatest common divisor of 1155 and 30.
15
What is the greatest common divisor of 77 and 22?
11
Calculate the greatest common factor of 351 and 13.
13
Calculate the highest common divisor of 2025 and 50.
25
What is the greatest common factor of 580 and 20?
20
Calculate the greatest common divisor of 1739 and 74.
37
Calculate the highest common divisor of 75 and 5.
5
What is the greatest common divisor of 1302 and 147?
21
Calculate the highest common divisor of 930 and 3441.
93
Calculate the greatest common factor of 24453 and 418.
209
Calculate the greatest common factor of 44 and 748.
44
Calculate the highest common divisor of 297 and 231.
33
What is the highest common divisor of 410 and 82?
82
What is the greatest common factor of 1884 and 12?
12
Calculate the greatest common divisor of 800 and 3488.
32
Calculate the highest common divisor of 175 and 2525.
25
Calculate the greatest common factor of 62 and 465.
31
Calculate the highest common divisor of 18 and 2466.
18
What is the greatest common factor of 24 and 1788?
12
What is the highest common divisor of 2601 and 2448?
153
Calculate the greatest common factor of 243 and 63.
9
Calculate the greatest common factor of 308 and 44.
44
Calculate the highest common factor of 104 and 864.
8
Calculate the highest common factor of 28 and 176.
4
What is the greatest common factor of 2430 and 30?
30
What is the greatest common factor of 32 and 1000?
8
Calculate the greatest common divisor of 8 and 1304.
8
What is the highest common factor of 909 and 72?
9
What is the highest common divisor of 8 and 152?
8
Calculate the highest common factor of 126 and 567.
63
What is the highest common divisor of 8528 and 246?
82
Calculate the greatest common factor of 275 and 55.
55
Calculate the greatest common factor of 880 and 55.
55
Calculate the highest common divisor of 48 and 912.
48
Calculate the greatest common factor of 120 and 168.
24
What is the highest common factor of 6 and 318?
6
What is the greatest common divisor of 533 and 1404?
13
What is the highest common divisor of 30 and 243?
3
Calculate the highest common factor of 9 and 1668.
3
What is the greatest common divisor of 1962 and 9?
9
Calculate the greatest common divisor of 2583 and 16974.
369
Calculate the highest common divisor of 120 and 10.
10
What is the greatest common divisor of 106 and 42506?
106
Calculate the highest common factor of 40 and 470.
10
What is the highest common divisor of 77 and 7931?
77
Calculate the highest common divisor of 243 and 540.
27
What is the highest common divisor of 1224 and 4624?
136
What is the highest common factor of 342 and 76?
38
What is the highest common divisor of 35 and 560?
35
What is the highest common divisor of 273 and 21?
21
What is the greatest common factor of 2387 and 385?
77
Calculate the greatest common divisor of 41 and 205.
41
Calculate the highest common factor of 773 and 1.
1
What is the highest common factor of 88 and 99?
11
What is the highest common divisor of 141 and 3?
3
Calculate the greatest common factor of 105 and 175.
35
What is the greatest common divisor of 1462 and 86?
86
Calculate the greatest common factor of 54 and 234.
18
What is the highest common divisor of 4731 and 399?
57
Calculate the highest common divisor of 972 and 9.
9
What is the highest common divisor of 24 and 5176?
8
Calculate the highest common divisor of 56 and 126.
14
What is the greatest common divisor of 17 and 629?
17
What is the greatest common divisor of 682 and 2?
2
What is the greatest common divisor of 234 and 72?
18
Calculate the highest common divisor of 7123 and 17.
17
Calculate the highest common factor of 1540 and 98.
14
What is the highest common factor of 5670 and 140?
70
Calculate the greatest common factor of 1055 and 5.
5
Calculate the greatest common factor of 86 and 172.
86
Calculate the highest common factor of 42 and 96.
6
Calculate the highest common divisor of 44 and 2354.
22
Calculate the greatest common factor of 1122 and 459.
51
Calculate the highest common divisor of 972 and 708.
12
What is the greatest common factor of 98 and 29890?
98
Calculate the highest common factor of 38918 and 488.
122
What is the highest common divisor of 27340 and 20?
20
Calculate the highest common factor of 63 and 175.
7
What is the highest common divisor of 4 and 10?
2
Calculate the greatest common factor of 25 and 1800.
25
Calculate the greatest common divisor of 403 and 93.
31
Calculate the highest common factor of 62 and 6.
2
What is the greatest common factor of 11 and 3454?
11
What is the greatest common divisor of 198 and 216?
18
What is the highest common divisor of 300 and 20?
20
Calculate the greatest common factor of 156 and 39.
39
Calculate the highest common factor of 74 and 259.
37
What is the highest common divisor of 6846 and 42?
42
Calculate the highest common factor of 1633 and 23.
23
Calculate the highest common factor of 2013 and 732.
183
What is the highest common divisor of 87 and 203?
29
What is the highest common factor of 17 and 119?
17
What is the greatest common divisor of 318 and 24?
6
Calculate the highest common divisor of 1751 and 85.
17
Calculate the greatest common divisor of 10 and 3565.
5
What is the greatest common factor of 92 and 138?
46
Calculate the greatest common divisor of 42 and 2198.
14
Calculate the greatest common factor of 5 and 500.
5
Calculate the greatest common factor of 920 and 320.
40
What is the greatest common divisor of 2310 and 210?
210
What is the highest common factor of 3993 and 33?
33
Calculate the greatest common factor of 2 and 1097.
1
Calculate the greatest common factor of 64 and 832.
64
What is the highest common divisor of 171 and 2793?
57
Calculate the highest common factor of 553 and 7.
7
Calculate the highest common divisor of 10 and 11390.
10
Calculate the greatest common factor of 323 and 95.
19
What is the greatest common factor of 273 and 21476?
91
Calculate the highest common divisor of 8100 and 70.
10
Calculate the greatest common factor of 895 and 15.
5
Calculate the highest common factor of 8 and 2.
2
Calculate the highest common divisor of 1012 and 33.
11
What is the greatest common divisor of 31 and 713?
31
What is the greatest common divisor of 4 and 668?
4
What is the greatest common factor of 110 and 16270?
10
Calculate the highest common divisor of 23925 and 55.
55
Calculate the highest common divisor of 3030 and 50.
10
Calculate the greatest common divisor of 2 and 1458.
2
What is the greatest common factor of 5 and 11?
1
What is the greatest common divisor of 1073 and 2109?
37
What is the greatest common divisor of 329 and 141?
47
Calculate the highest common factor of 154 and 2750.
22
Calculate the highest common divisor of 308 and 55.
11
What is the greatest common factor of 462 and 42?
42
Calculate the highest common factor of 192 and 11072.
64
What is the greatest common divisor of 167599 and 19?
19
Calculate the greatest common divisor of 2327 and 169.
13
What is the greatest common factor of 116 and 5510?
58
What is the highest common factor of 1292 and 204?
68
Calculate the greatest common factor of 23 and 17.
1
What is the highest common divisor of 1656 and 180?
36
Calculate the greatest common divisor of 301 and 7.
7
What is the highest common divisor of 152 and 5890?
38
What is the greatest common factor of 17 and 5389?
17
What is the greatest common factor of 90 and 190?
10
Calculate the greatest common divisor of 28765 and 55.
55
What is the greatest common divisor of 20 and 12520?
20
What is the greatest common divisor of 9 and 63?
9
Calculate the highest common divisor of 120 and 12060.
60
What is the greatest common factor of 174 and 551?
29
What is the highest common divisor of 820 and 20?
20
What is the highest common divisor of 152 and 266?
38
What is the greatest common factor of 22780 and 68?
68
What is the greatest common factor of 5840 and 160?
80
What is the greatest common divisor of 357 and 663?
51
What is the highest common factor of 48 and 3?
3
Calculate the greatest co